a**3 + 4*a - 1. Let s(f) = -4*j(f) + 3*p(f). Let o be s(-2). Let t(b) = -b**3 - b + 1. Calculate t(o).
11
Let a = -43 + 73. Suppose v - r = 6*v - a, -4*v - r = -24. Let l(c) = -c**3 + 5*c**2 + 7*c - 1. Determine l(v).
5
Suppose -b + 4 = -2*k, 5*k + 16 = 4*b - 0*k. Suppose -4*y + y = 4*a - 3, 4*a = -b*y. Let d(v) = 1 + 8 - 2*v + a*v. What is d(-8)?
1
Let y(k) = 3*k - 15. Let a be y(17). Let x(p) = -2*p + 36*p + 2 - a*p. Determine x(3).
-4
Suppose 10 = -5*v - 5*u, -4*u - 14 = v - 0*v. Let f(l) = l - 1. Let k(c) = 7*c - 8. Let g be (1/2)/(9/18). Let i(x) = g*k(x) - 6*f(x). Determine i(v).
0
Let p(l) be the first derivative of 2*l**3/3 + 4*l**2 + 2*l - 63. Determine p(-4).
2
Let q(r) = 23*r - 18. Let l(f) = -4*f + 1. Let y(d) = 6*l(d) + q(d). Let v(i) = -i + 3. Let o be v(3). What is y(o)?
-12
Let a(g) = g - 1. Let i be a(3). Let t(l) be the third derivative of 1/20*l**5 + 0*l**3 + 0 + 9*l**2 + 0*l + 0*l**4. Determine t(i).
12
Let k(j) = -142*j - 134*j + j**3 - 8*j**2 + 422*j - 7 - 141*j. What is k(8)?
33
Let y(x) = 39*x + 31*x + 7 + x**3 - 68*x. Calculate y(0).
7
Let t(s) be the second derivative of s**4/12 + 3*s**3/2 - 23*s**2/2 - 78*s. Calculate t(-11).
-1
Let w(n) = -49 + 29 - 6*n + 15. Calculate w(-4).
19
Let k(b) = 13*b + 484. Let r be k(-38). Let x(d) = d**2 + 13*d - 6. What is x(r)?
-36
Let g(p) = p**3 + 3*p**2 + p + 2. Let l be 0/(-3*(-4 + 3)). Suppose -2 = -l*x + x. Calculate g(x).
4
Let w(m) be the second derivative of m**6/360 + m**5/40 - m**4/6 + m**3 + m. Let c(u) be the second derivative of w(u). What is c(-5)?
6
Let g = 190 - 185. Let x(h) = h**2 - 10*h - 6. What is x(g)?
-31
Let i(j) = j + 1. Let o(a) = -11*a - 2. Suppose 9 - 69 = -15*x. Let p(r) = x*i(r) + o(r). What is p(2)?
-12
Let n(m) = -m**2 - 6*m - 8. Suppose 0 = -6*w + 61 - 103. What is n(w)?
-15
Let g(a) = -a**2 - 3*a + 8. Suppose 19 = -2*o + 7. Calculate g(o).
-10
Suppose 32 = 2*b - 5*j, 0*j = 2*j + 8. Suppose -4*r + 23 = -3*i, -b*i - 5 = -i. Let q(z) = z**3 - 5*z**2 - z - 4. Determine q(r).
-9
Let j(y) = -2*y**3 + 4*y**2 + 4*y - 1. Let d be j(3). Let b(x) be the third derivative of x**6/120 + 2*x**5/15 + x**4/3 - 6*x**2. Give b(d).
-7
Let m(h) be the third derivative of -h**4/6 + h**3/6 - 380*h**2. Give m(-1).
5
Let p = 47 + -35. Let u(f) = 2*f - 16. Calculate u(p).
8
Let k(f) = -12*f + 10. Let b(t) = -5*t + 5. Let x(m) = 9*b(m) - 4*k(m). Give x(-4).
-7
Let p(l) = -2*l + l**2 + l - 3*l - 4. Let j be p(4). Let r(w) be the first derivative of -w**3/3 - 3*w**2/2 - 2*w + 2. Determine r(j).
-6
Let d(g) = 2*g + 26. Let q be d(-11). Suppose 3*n = -5*y - 15, q = -n + y - 1. Let j(z) = -2*z + 4. Give j(n).
14
Let j be 2 + (1 - 1)/(-3). Let c be (-9)/j + (-21)/(-42). Let m(b) = -b - 1. Give m(c).
3
Let y(n) = 27*n + n**3 + 11*n - 4*n**2 + 2 - 35*n. Determine y(3).
2
Let o(d) = d**2 - 2*d - 1. Suppose -4*r = 4*r - 24. Suppose 2*f = -r*f + 15. What is o(f)?
2
Let h(y) = -19552*y**3 + 0*y**2 - 5 + 8*y - 7*y**2 + 19551*y**3. Determine h(-8).
-5
Suppose 11*u - 18 = 8*u. Let t(l) = u + 2*l - 4 - l + 6. Give t(-8).
0
Let i(f) be the third derivative of -f**5/60 + f**4/3 - f**3/2 + f**2. Let l = -137 + 142. Suppose 2 + l = g. Calculate i(g).
4
Let y(w) be the third derivative of -w**6/360 - w**5/40 - w**4/24 + 7*w**3/6 - 4*w**2. Let r(t) be the first derivative of y(t). What is r(-5)?
-11
Suppose -2*f + 12 = -2*j, 0*j - 5*j - 3*f + 10 = 0. Let o(w) = -37*w - 1. Give o(j).
36
Suppose -7*p + 28 = -0*p. Let i(s) = -5*s + 15. Let n(m) = -m + 3. Let j(k) = p*i(k) - 22*n(k). Calculate j(6).
6
Let n(y) = y + 1. Let j be (2/4)/((-5)/(-100)). Suppose 4*g + 2*u + 0 + j = 0, 0 = -4*g - 3*u - 13. Determine n(g).
0
Suppose -3*w + 4*h + 3 + 31 = 0, -38 = -4*w - 2*h. Let k be (w/4)/((-1)/2). Let r(f) = f**2 + 6*f + 5. What is r(k)?
0
Suppose 24 = 2*i - 78. Let w = i - 36. Suppose -4*g = -5 - w. Let y(t) = 2*t + 2. Give y(g).
12
Let a(m) = 13*m**2 + 6*m**2 - 8 - 9*m**2 + 7*m - 9*m**2. Calculate a(-8).
0
Suppose 5*b + l = -3, -6*b - 12 = -b + 4*l. Let o(v) = -v - 3. Let f(j) = 12 - 18 + 2*j + 12. Let a(k) = 6*f(k) + 11*o(k). Determine a(b).
3
Suppose -2*i + 0*i - 12 = 0. Let x(d) = -1. Let z(b) = 2*b + 6. Let q(p) = i*x(p) - z(p). Give q(5).
-10
Let a be (-5 - 1)/((-27)/(-6) + -3). Let l(c) = -c**3 - 5*c**2 + 5. Calculate l(a).
-11
Let m = 3180 + -3176. Let p(c) be the third derivative of c**6/120 - c**5/15 - c**4/12 + c**3/2 - c**2. Calculate p(m).
-5
Let n(v) be the second derivative of -v**4/12 - v**3/6 - v**2/2 - 465*v. Suppose 4*u + 20 = 0, x + 5*u + 23 = 2*x. Give n(x).
-3
Let i(c) = 6*c. Suppose 0 = 4*o - 5*f, -5*o + f + 29 = 2*f. Let t(l) = 2*l + 1. Let d be t(o). Suppose -4*j + 5*u - 2*u = -d, 2*j + u = -7. Determine i(j).
-6
Let n(t) = t**2 - t - 23. Suppose -66*p = -65*p. What is n(p)?
-23
Let o(i) = i**2 + 8*i + 3. Suppose -13 = 4*d + u, 4*d + 18 = 2*u + 8. Calculate o(d).
-12
Let t(m) = -m**2 - 9*m. Let d be ((-24)/(-5))/4*20/(-6). What is t(d)?
20
Let m(r) = 7*r - 3. Let f be 0 + (-2 - -7) - (-36)/(-9). Calculate m(f).
4
Let o(m) = -m - 1 + 67744*m**2 - 67744*m**2 - 8*m**3. Give o(-1).
8
Let r(k) = -30*k**3 + 2*k**2 - 2*k + 1. Let s be (6 - ((-14)/(-7) - 0)) + -3. Give r(s).
-29
Let t(d) = 4*d - 17. Let g(n) = -n + 6. Let a(z) = 7*g(z) + 2*t(z). Let s be 6 + (8 + -7)*-12. What is a(s)?
2
Let w(d) be the third derivative of d**4/12 - 4*d**3/3 - 9*d**2. Let p(u) = -3*u - 11. Suppose 0 = -2*k - 6, -3*y - 9 = -2*k + 3. Let t be p(y). Determine w(t).
6
Let j(t) = -t - 1. Let d(p) = p + 6. Suppose 15*z = 17*z + 2. Let u(s) = z*d(s) - 6*j(s). What is u(-2)?
-10
Let p be (-2)/(-11) - (-4)/(-22). Let r(c) = -2*c**3 + 4*c**2 + c. Let z(d) = d**3 - d**2 + 1. Let b(v) = -r(v) - 3*z(v). Give b(p).
-3
Let g(i) be the third derivative of i**4/12 + 5*i**3 - 43*i**2. Determine g(0).
30
Let t(a) = -17*a + 116. Let g be t(7). Let d(h) = h**3 + 3*h**2 - 3*h - 2. Give d(g).
7
Let p(q) = q**3 + 5*q**2 + 7*q - 14. Let o(r) = -r**3 - 9*r**2 - 13*r + 26. Let a(t) = -3*o(t) - 5*p(t). Give a(2).
-8
Let q(v) = 51*v**3 - 1 + 6*v + 3*v + 7*v**2 - 97*v**3 + 47*v**3 - 4*v. Give q(-5).
24
Let y(a) = -a**3 + a**2 - a - 1. Let r = -23 + 12. Let b be 15/(-20) - r/4. Give y(b).
-7
Let n(a) be the first derivative of 2*a**2 + 8*a - 1 - 1/3*a**3. Determine n(7).
-13
Let v(q) = -q**3 + 8*q**2 - 4*q + 25. Suppose 2*g - 8 = 4*f, 5*g - 3*f = 51 - 17. Determine v(g).
-7
Let x(l) = -4*l**3 + l**2 - 4*l + 3. Let o(y) = -5*y**3 - y**2 - 4*y + 3. Let n(c) = -3*o(c) + 4*x(c). Give n(6).
15
Let d(k) = -8*k**3 + 12*k**2 + 13*k - 6. Suppose 11 = 6*b - 31. Let s(w) = 7*w**3 - 11*w**2 - 12*w + 6. Let l(r) = b*s(r) + 6*d(r). What is l(6)?
6
Let h(z) be the first derivative of z - 18 - 1/2*z**2. Suppose x + 16 = 5*w, -w - w + 1 = 5*x. Calculate h(w).
-2
Let c(o) be the third derivative of -o**4/24 + 7*o**3/6 + 21*o**2. Suppose -86 = -9*w - 14. Determine c(w).
-1
Let w(q) = q**3 + 5*q**2 - 5*q. Let o be w(-6). Let a(r) = 2*r + 16. Let m(g) = -g - 8. Suppose 26 = 4*p + 6. Let v(n) = p*m(n) + 3*a(n). Determine v(o).
2
Let m(o) = 7*o - 25. Let f(v) = v - 2. Let k(s) = 6*f(s) - m(s). Determine k(11).
2
Let b = 20 - 15. Let t(p) = p**3 - 4*p + 0*p - 5*p**2 + p + 2*p. Determine t(b).
-5
Let c(q) be the third derivative of -7*q**2 + 0*q - 1/20*q**5 + 1/12*q**4 + 0 - 1/6*q**3. What is c(1)?
-2
Let n(b) = -3*b - 135. Let j be n(-44). Let z(g) = -2*g**3 - 7*g**2 - 2*g + 2. Determine z(j).
-1
Let u(w) = -38*w - 1 - 47*w - 7 + 77*w. Let y(s) = -3*s - 3. Let o(x) = 5*u(x) - 12*y(x). What is o(4)?
-20
Let y(o) = -14*o + 8 + 5 + 13*o - 4. Suppose v - 9 = -0*v. Calculate y(v).
0
Suppose 5*t - 7 = -5*b - 12, 5*t = 4*b + 22. Let a(f) be the second derivative of -f**t + 1/10*f**5 + 0 - 1/3*f**3 - f + 1/3*f**4. Calculate a(-3).
-14
Suppose 235 = 6*b - b - 5*s, -5*s + 73 = 2*b. Suppose -5*j + 100 = 4*d, -5*j = -5*d - 144 + b. Suppose 4*i = -0*i + j. Let l(y) = -y**3 + 5*y**2 + 4. Give l(i).
4
Let r(f) = -f + 8. Let z = 268 - 254. Give r(z).
-6
Let d(g) = 5*g. Let x be d(1). Suppose -16 = s + 5*o, x*s + 3*o = -2*o. Let n(j) = 2*j + 1. Give n(s).
9
Let q(v) be the second derivative of -v + 0 + 1/120*v**5 + 0*v**2 + 1/4*v**4 + 1/240*v**6 + 0*v**3. Let w(t) be the third derivative of q(t). Give w(1).
4
Let r(u) = -4*u**2 + 15*u + 15. Let p be r(-1). Let y(c) = -c**2